e 5*n = -4*n. Let u be (n + -4)*11/(-4). What is the highest common factor of y and u?
11
Let t = 8 + 2. Let m be (9 - t) + (0/2 - -491). Suppose -7*a = -2*a - m. What is the greatest common factor of 14 and a?
14
Let n be ((-4)/(-2))/(4/(-140)*-2). Suppose n + 1 = 4*b. Suppose -4*g + 3*h = -b*g + 20, -11 = -3*g - 2*h. Calculate the greatest common divisor of 56 and g.
7
Let b(f) = 102*f**2 + 17*f - 35. Let y be b(2). What is the greatest common divisor of 333 and y?
37
Let n be 98 - -3*((-12)/9 - -2). Suppose n*s + 24 = 103*s. Calculate the greatest common divisor of 40 and s.
8
Let r be (-3*(-2)/(-4))/((-47)/2726). What is the highest common factor of 1131 and r?
87
Suppose 0 = -2*f + 311*f + 4*f - 5634. What is the highest common divisor of 3141 and f?
9
Suppose -2*n = -4*k - 20, -4*k - 45 = n - 13. Let o be (-13 - -4)*k/3. Calculate the highest common factor of o and 133.
7
Let f = -28914 + 28956. Calculate the greatest common factor of f and 1029.
21
Let f = 12 + -2. Let q be 5 - f - -10 - 0. Let z = -112 - -162. Calculate the greatest common factor of z and q.
5
Let j be -3*(3 + -1)*(-5)/(-3). Let o be (-27)/18 - j/(-4). Let v be 3 - (o + -2*16). Calculate the highest common factor of 39 and v.
39
Let i(m) = 18*m - 374. Let u be i(22). Let y be 48/(-20)*1550/(-4). Let z be y/14 + (-3)/7. Calculate the greatest common divisor of u and z.
22
Suppose 2920098 = 480*u + 24*u + 803802. Calculate the greatest common factor of u and 1547.
221
Suppose -2*j + 242 = -5*f, -16*j + 3*f = -17*j + 88. Calculate the greatest common factor of j and 8798.
106
Suppose -1584 = 4*c + 8*c. Let i = c + 146. Calculate the greatest common divisor of 10 and i.
2
Let d(p) = 4*p**2 + 7*p - 16. Let z be d(-9). Suppose 13*b - u = 11*b + z, -119 = -b + 4*u. Calculate the greatest common divisor of b and 205.
41
Let y be 1/15*-9 + (-76)/(-10). Suppose -y*q + 277 = -2*q - 4*d, -3*d = -5*q + 274. Let j = q - 50. What is the greatest common divisor of j and 6?
3
Let v = 9604 - 7798. Calculate the highest common divisor of 21 and v.
21
Let c = 13833 + -9208. What is the greatest common factor of 37 and c?
37
Suppose -21*b - 28*b + 18290 = -26839. What is the greatest common factor of b and 307?
307
Let h = -201 + 200. Let l be -21 - -205 - (h + 0). What is the highest common factor of 5 and l?
5
Suppose 0 = 5*s + 15, -9 = -3*t + t + s. Let w = 104 - 242. Let o = -135 - w. Calculate the highest common factor of o and t.
3
Let s(g) = -g**2 + 13*g - 38. Let h be s(6). Suppose -4*z - 3*o = -49, -h*z + 4*o + 31 = 3. Calculate the highest common factor of 65 and z.
5
Let o be 2154/10 - (-1446)/2410. What is the greatest common factor of o and 40?
8
Let h be (-3 - -7)*(-562)/8. Let j = h - -706. Calculate the highest common factor of 25 and j.
25
Suppose 5*q - 3*q = -4, -u + 5*q + 134 = 0. Let o = -117 + u. Calculate the highest common factor of 21 and o.
7
Suppose -5*m + 450 = 4*z - 190, 0 = -5*z + 2*m + 800. What is the greatest common factor of z and 1304?
8
Let p be ((-56)/12)/((-3)/9). Let f = 50 - p. Calculate the highest common divisor of f and 12.
12
Let v(p) = -6*p**2 + 10*p + 4. Let n be v(6). Let q = n - -217. Suppose 0 = 11*i - 6*i - q. Calculate the highest common factor of 26 and i.
13
Let z = 3869 + 5646. Calculate the highest common factor of 55 and z.
55
Let s be 2/(((-12)/56)/((-6)/8)). Let z(p) = p**3 - 5*p**2 - p - 61. Let y be z(s). What is the highest common divisor of 15 and y?
15
Suppose 471 + 2419 = 17*n. Suppose -7*y + 20 = -2*y. Suppose y*j - 50 = -j. Calculate the greatest common divisor of n and j.
10
Suppose -39*m - 16796 = -115*m. Suppose -u - 59 = -3*u + 5*x, 2*u + 4*x - 14 = 0. What is the greatest common divisor of m and u?
17
Let r(i) = -i**3 - 79*i**2 + 135*i - 190. Let x be r(-82). Calculate the highest common divisor of x and 64.
16
Let g be -4*(49/(-28))/(-1) - -1418. Calculate the highest common factor of g and 249.
83
Let k(u) be the first derivative of 2*u**2 - 59. Let p be k(2). Calculate the greatest common factor of 48 and p.
8
Suppose -15*u = -793 + 307 + 156. Calculate the highest common divisor of u and 2354.
22
Suppose 90 = 58*i - 43*i. Let g be 377 + (-2 - i) + (-6)/(-2). What is the highest common divisor of g and 12?
12
Let k(q) = -3*q**3 - 5*q**2 - 3*q + 10. Let d be k(4). Let o = 286 + d. What is the highest common factor of o and 174?
6
Suppose k + 6*y - 8*y = 0, -y + 66 = 5*k. What is the highest common divisor of 5748 and k?
12
Let i be 8*-6*(-4)/16. Let x = 38 + -33. Suppose -x*d + 61 + 149 = 0. Calculate the highest common factor of d and i.
6
Suppose 0 = -2*h + 5*g + 102, 4*g - 89 = -2*h - 41. Calculate the greatest common factor of 279 and h.
9
Let u be 5 - (-3788)/(-6)*96/(-64). Calculate the highest common divisor of 112 and u.
56
Let i(a) = 9*a**2 - 2*a + 18. Suppose 3*h - 2*t = h + 48, -2*t = -h + 26. Let u = 26 - h. Let l be i(u). Calculate the greatest common divisor of 14 and l.
14
Let p(g) = -5*g + 5. Let o be p(-5). Let d = 31717 - 31662. What is the greatest common divisor of d and o?
5
Let h(l) = 9*l**2 - 3*l + 5. Let o be (3 + -11)/4*(-6)/12. Let z be h(o). What is the greatest common divisor of 66 and z?
11
Let s(c) = -c**3 + 11*c**2 - 8*c - 25. Let x be s(9). Calculate the highest common factor of 35 and x.
5
Let g(a) = 43*a - 35. Let b be g(1). Suppose 21*s - 2229 = 4071. What is the highest common factor of s and b?
4
Suppose -4*a + 5*a = -5*p + 171, p = -1. Let m = a + -166. Let y be -1 - -4 - (-1287)/11. What is the highest common divisor of y and m?
10
Let o = 2561 + -2541. What is the highest common factor of 220 and o?
20
Let b(d) = -d**2 - 27*d - 44. Suppose -27*u + 32*u + 105 = 0. Let t be b(u). Suppose -222 = -5*f - t. What is the greatest common factor of 140 and f?
28
Let t = 277 + -256. Let r(q) = -q**3 - 4*q**2 + 9*q + 17. Let f be r(-6). What is the highest common factor of f and t?
7
Let i(l) = l**2 - 9*l + 5. Let x be i(14). Suppose -5787 - 63 = -39*b. What is the greatest common factor of b and x?
75
Suppose 3*i = 5*i - 208. Let r = -351 - -654. Let o = r - 147. Calculate the greatest common divisor of i and o.
52
Let b be ((-35)/15)/((-3)/9)*1. Suppose 6*l - l = 3*p + 13, 2*l - b = 3*p. Calculate the highest common factor of 6 and l.
2
Suppose 0 = 3130*t - 3142*t + 143424. Calculate the highest common divisor of 16 and t.
16
Let n = 6162 - 4235. What is the highest common divisor of 47 and n?
47
Suppose 0 = 3*c - 0*b - b - 30, -4*c + b = -41. Suppose 0 = 20*y - 2*y - 2574. What is the greatest common factor of c and y?
11
Let q(n) = -n**3 + 8*n**2 - 2*n - 5. Let u be q(7). Let w = u - 35. Let p(j) = -6*j - 5. Let y be p(w). Calculate the highest common divisor of 5 and y.
5
Let h be 4/(-16) + (-241)/(-4). Let i be (25/50)/(1/10). Suppose -i*t - f = -2 - 59, t - 5*f - 7 = 0. What is the greatest common divisor of h and t?
12
Let g = -2295 - -2387. Calculate the greatest common divisor of g and 14996.
92
Let o be (8/12)/((-2)/(-15)) + 76. Calculate the greatest common divisor of o and 1161.
27
Let j(y) = y**3 + 10*y**2 - 15*y - 16. Let i be j(-11). What is the highest common factor of i and 9604?
28
Let q = -133 - 4. Let x = q + 175. Calculate the highest common divisor of 304 and x.
38
Suppose -4*s - 932 = -2*i, 7*i - 3*s - 1869 = 3*i. Suppose -7 = -2*u + 2*g + 81, 84 = 3*u + 3*g. What is the highest common divisor of u and i?
36
Let j = 16369 - 15637. What is the greatest common factor of 312 and j?
12
Suppose -21*f + 16*f - 6975 = 0. Let d be 31/(f/(-54))*(-90)/(-4). What is the greatest common factor of 171 and d?
9
Let q be 3 + -4 - (-50 - 8). Suppose 0 = -5*o + q + 8. Calculate the highest common factor of 4 and o.
1
Let k(a) = a**2 - 2*a - 4. Let b be k(5). Let w(p) = 5*p**2 + 12*p - 153. Let l be w(7). What is the greatest common divisor of b and l?
11
Let j(q) = -q - 4. Let z be j(-11). Let i = 21 - z. Suppose 0 = 70*v - 35*v - 1225. Calculate the greatest common factor of i and v.
7
Suppose 0 = -q - 3*q + 188. Suppose 15 = 5*s, 6*z = 2*z - s + q. Suppose z*g - 17*g + 72 = 0. What is the highest common divisor of 18 and g?
6
Let z = -87 - -81. Let s be (z/((-2)/(-40)*-6))/2. Calculate the highest common divisor of 360 and s.
10
Let h = -5 - -11. Suppose -24 = h*r + 612. Let z